**3/2 - 2*n**2. Suppose 4*t - 21 = 11*t. Determine o(t).
-15
Suppose f - 2*f = -3. Let k(y) = -4*y + 3*y + y**f - 4*y + 6*y. What is k(-1)?
-2
Let y = -7 + 5. Let w(z) = z**3 - 3*z - 1. What is w(y)?
-3
Let y(g) = -g - 4. Let a(r) = -r - 3. Let z(c) = 5*a(c) - 4*y(c). Let i be z(3). Let b(f) = 2*f**2 + 3*f + 3. Give b(i).
5
Suppose -a = h - 5, 7 + 7 = 2*a + 3*h. Let c(i) be the third derivative of -i**5/30 - i**4/12 + i**3/6 - 7*i**2. What is c(a)?
-3
Let q(c) be the second derivative of c**4/12 + c**3/3 + c**2 - 10*c. Give q(-4).
10
Let d(n) be the second derivative of 4*n + 7/2*n**2 + 0 + 1/6*n**3. Calculate d(-5).
2
Let y be 44/7 - 2/7. Let c(s) = -s - 2. Let j be c(-5). Suppose j*w - y = w. Let f(g) = 2*g - 2. Determine f(w).
4
Let t(f) be the second derivative of f**5/20 + f**4/2 + f**3/6 + 3*f**2 + 9*f. What is t(-6)?
0
Let k(w) = 2*w**3 - 2 - w + 3*w**3 - 4*w**3 + 2*w**2. Suppose 4*x + 1 + 11 = 0. Calculate k(x).
-8
Let c(u) = u**3 + 3*u**2 + 2*u. Let s be 3*(-6)/27*21. Let y = s - -11. What is c(y)?
-6
Let z = 8 + 0. Suppose 4 = 3*s - z. Let r(x) = 3*x**3 - 5. Let p(m) = -4*m**3 + m**2 + 5. Let u(j) = 4*p(j) + 5*r(j). What is u(s)?
-5
Let l(t) be the third derivative of -t**6/120 + t**5/30 + 5*t**4/24 - t**3/2 - 6*t**2. Suppose 0 = -4*v - 2*d + 22, 3*v + 5*d = -2*v + 40. Give l(v).
3
Let o(b) = -b**2 - b + 4. Suppose -3*u = -0*u. Determine o(u).
4
Let b(m) = -m**3 - 6*m**2 - 4*m - 4. Let k = -29 + 24. Determine b(k).
-9
Let k be ((-8)/14)/(6/(-21)). Let v(b) = 2*b**2 - 4*b + 3. Give v(k).
3
Let h be 14/(0 - 2)*-1. Let m(v) = 3*v**2 - 7*v - 8. Let i(b) = -b**2 + 2*b + 3. Let l(k) = -17*i(k) - 6*m(k). Calculate l(h).
4
Let t(z) = -z - 8. Let k be t(-7). Let p(a) be the second derivative of 2*a**3/3 - a. Determine p(k).
-4
Let k(q) = 2*q + 2. Let t be k(-4). Let h(d) = -d**2 - 6*d + 4. Let j be h(t). Let p(i) = -2*i**2 + j*i**2 - 6 + 2 - 3*i. Calculate p(3).
5
Let b(c) = -c**3 + 6*c**2 + c + 3. Suppose -18 = -30*d + 27*d. What is b(d)?
9
Let b(w) = 2*w - 2. Let r = -1 + 2. Let l be 9 + (0 - 0)/r. Suppose -3*j + 0*j - l = 0. What is b(j)?
-8
Let a(r) be the third derivative of -r**5/60 + r**4/6 + 7*r**3/6 - 2*r**2 - 4. Let d be (2 - 0) + (3 - -1). Calculate a(d).
-5
Let p = -24 - -19. Let z(j) be the third derivative of -1/60*j**5 + 1/2*j**3 + j**2 + 0*j - 5/24*j**4 + 0. Determine z(p).
3
Let n(u) = -11*u - 33. Let l be n(-3). Let g(x) = x**3 + x**2 + x + 5. Calculate g(l).
5
Let a(r) = -12*r**2 + 2*r + 11. Let q(d) = -4*d**2 + d + 4. Let o(m) = 4*a(m) - 11*q(m). Let s = -8 - -6. Calculate o(s).
-10
Let b(w) = w - 3. Suppose 0*u = 4*x + 5*u - 25, 4*x - 20 = -4*u. What is b(x)?
-3
Let p(m) = m**3 - 8*m**2 - 9*m + 1. Let r be p(9). Let s(j) be the second derivative of -j**5/5 - j**3/3 + j**2/2 + 18*j. Calculate s(r).
-5
Let j(w) = 2*w + 4 - w - w**3 - 5*w - 7*w**2 - w. Calculate j(-6).
-2
Let q(h) be the third derivative of h**5/60 + h**4/6 + h**3/3 - h**2. Calculate q(-4).
2
Let j(w) = -w - 1. Let y be j(-8). Let z(s) = -s**3 + 6*s**2 + 6*s - 1. What is z(y)?
-8
Let m(w) be the first derivative of -w**4/4 + w**2/2 - 3*w + 35. What is m(-3)?
21
Let z(f) = -f**3 + 3*f**2 + 3. Let s(w) be the third derivative of -w**5/60 + w**4/24 + w**3/2 - 3*w**2. Let t be s(0). Give z(t).
3
Let m = -3 + 8. Suppose 3 = -m*p + 13. Let d(x) = 6*x - x**p + 5 + 2*x**2 + x. Determine d(-5).
-5
Let c(v) = v**3 + 6*v**2 + 4. Suppose 0 = -k - s - 8, 3*k - k = s - 10. Determine c(k).
4
Let w = -15 - -19. Let a(p) = 2*p**2 - p - 4. Let u(q) = -2*q**2 + q + 5. Let s(b) = w*a(b) + 3*u(b). Determine s(-2).
9
Suppose 0*a - 3*a - 19 = 5*w, 5*w = 3*a - 31. Let q(m) = -2*m**3 + 4*m**2 - 3*m + 2. Give q(a).
-4
Let m(w) = 18*w**3 + 4*w**2 - 19*w**3 + 0*w + 3*w. Calculate m(5).
-10
Suppose -3*b = -2*t - b, 2*t + 3*b - 15 = 0. Let z(w) be the first derivative of -4*w - t + 0*w**2 + 2*w + w**2. Give z(5).
8
Let m = -14 + 19. Let q(h) = -h**2 + 5*h - 7. Determine q(m).
-7
Let y be (((-18)/(-4))/9)/1. Let d(f) be the first derivative of -8*f + 1 - y*f**2 - 1/3*f**3. Determine d(0).
-8
Let l(c) = -4*c**2 + 6*c - 11. Let z(b) = b**2 - b. Let w(s) = -l(s) - 5*z(s). Give w(0).
11
Suppose 0 = 3*i - 2*d - 53, 59 = 5*i + 4*d - 0*d. Suppose 5*h - 19 = -4*m, 2*h = -3*h + i. Let f(y) = 2 - m - y - 5. Determine f(-5).
1
Let z(r) = -5 + 3*r + 2*r**2 - 3*r**3 - 2*r + r. Let f(o) be the second derivative of -o**5/20 + o**3/6 - o**2/2 + 2*o. Let n(c) = 4*f(c) - z(c). Give n(-3).
4
Let m(i) be the first derivative of -i**2/2 - 5*i - 5. Let s = 0 - 0. Determine m(s).
-5
Let q = -4 + 8. Let v = 7 - q. Suppose f + 10 = v*i - 0*f, 0 = 5*i + 5*f - 30. Let t(s) = -s + 3. Give t(i).
-1
Let f(w) = w**3 - w**2 + w + 1. Let t(k) = -3*k + 7. Let r(b) = 7*b - 13. Let i(a) = -2*r(a) - 5*t(a). Let j be i(8). Calculate f(j).
-2
Suppose v - 2 = 2*p - 9, 2*v = 5*p - 16. Let u(i) = -p*i - 2 + 5 + 3 - 2. Calculate u(3).
-2
Let d = -1 + 5. Let m = 2 + -1. Let f(c) = d*c - m + 1. Determine f(-1).
-4
Let v(o) = 11*o + 4 + 1 - 5. Determine v(-1).
-11
Let h(l) be the second derivative of l**4/6 - 2*l**3/3 + 3*l**2/2 - 6*l. What is h(2)?
3
Let z(i) = i**3 - 2*i**2 - 2*i - 2. Suppose 10 = 4*g - 2. Determine z(g).
1
Let p = 6 - 4. Let l(s) = -1 - 2*s + 3*s + 2*s. Determine l(p).
5
Let c(a) = -2*a**3 - 3*a**2 - a. Suppose -7*m + 3*m + 5*s = 13, -7 = 3*m - s. What is c(m)?
6
Let x(d) = d**3 + 4*d**2 + 3*d + 4. Let f(v) be the third derivative of v**4/24 - v**3/2 + v**2. Let o be f(0). Calculate x(o).
4
Let c(v) = 1 - 3 + 0*v - v. Let j be 22/5 - 2/5. Suppose -4*k - 12 = b + j*b, k + 3 = 3*b. Give c(b).
-2
Let r(k) = -2*k - 1. Let w(t) = t**3 + 4. Let n be w(0). Suppose -n = 2*i + 2. Determine r(i).
5
Let b(g) = -15*g - 3. Let a be b(-5). Let k be (8/(-6))/(16/a). Let u(l) = -l**3 - 5*l**2 + 4*l + 1. What is u(k)?
13
Let v = -4 - -7. Let h be 3 + (-6 + v)/(-3). Let j(b) = -b**2 + 4*b + 4. Let d(y) = -4*y**2 + 16*y + 16. Let m(r) = -2*d(r) + 9*j(r). Give m(h).
4
Let o(g) = -g**2 - g - 1. Let z(f) = -5*f**2 - 12*f - 11. Let c(m) = -4*o(m) + z(m). Give c(-7).
0
Let a(b) = 2*b. Let r be (-2 + 2 + 2)/2. Let x(c) = -c**2 - 5*c**2 + r + 5*c**2. Let t(j) = -a(j) - x(j). Give t(-1).
2
Suppose -4*p + 5 - 3 = -5*n, p - 11 = -4*n. Suppose 2*l - 28 = -n*l - 2*k, -4 = -4*l + 4*k. Let g(m) = -m**3 + 5*m**2 - 2*m - 2. Calculate g(l).
-12
Let r(j) = 5 - j**3 + 0*j**3 + 68*j**2 - j - 59*j**2. Determine r(9).
-4
Suppose 3*k - 30 = -k + 3*j, -k = -5*j - 16. Suppose y - 4*y + k = 0. Let r(c) = 2*c - 3. What is r(y)?
1
Suppose 5*y = y + 32. Let t = y - 13. Let i(j) be the first derivative of j**3/3 + 3*j**2 + 5*j + 1. What is i(t)?
0
Suppose -d = -4*v + 5, -2*v = v - 4*d - 7. Let x(o) = 10*o**2 - 3*o - 4. Let m(q) = 10*q**2 - 2*q - 3. Let n(g) = -3*m(g) + 2*x(g). Give n(v).
-9
Let q(a) = a**2 + 3 - a**3 + 5*a - 6 - 3 + 3. Calculate q(3).
-6
Let m(g) = 6*g + 4. Let c(n) = n + 1. Let i(w) = 22*c(w) - 4*m(w). Calculate i(4).
-2
Let l be 15/(-20) - -1 - 1/4. Let v(a) be the first derivative of -a**3/3 - a**2/2 - 2. Give v(l).
0
Let i = 0 - -3. Suppose 2*v - 16 = 4*d, -21 = -i*v + 2*d + 3*d. Let x(w) = -w**2 + 5 - 5*w + v*w + w. Calculate x(-4).
-3
Let q(h) = -2*h**3 + 62*h**2 - 121*h**2 - 3 + 64*h**2 - h. Determine q(3).
-15
Let u(n) be the third derivative of n**4/6 + 3*n**2. Let d(l) = l**3 - 3*l**2 + 2*l + 1. Let g be d(2). Give u(g).
4
Let t(j) = j**2 - 5*j + 3. Let z be -15*((-28)/(-12) + -3). Suppose 3*c + 1 = z. Calculate t(c).
-3
Suppose 10 = -2*h - 5*c + c, -5*h = -3*c + 12. Let w(d) = -3*d**2 + 2*d - 3. Let i(j) = j**3 + 4*j**2 - 3*j + 4. Let u(o) = h*w(o) - 2*i(o). Give u(2).
-11
Let t(m) = 1 + 7*m**2 - 4*m**2 + m + 0*m - 2*m**2. Determine t(4).
21
Let g(k) = k**2 - 6*k + 2. Let i be g(6). Let c(t) = -i*t + 0 - t + 4 + 2*t. What is c(-4)?
8
Suppose s + 28 = 22. Let d(m) = m**2 + 5*m - 2. Give d(s).
4
Let f(u) = -u + 2. Suppose -3*j - 7 = k, k = -3*k + 4*j + 52. Let x be (-1 - -2)/((-4)/k). Let h = x - -6. Give f(h).
-2
Let q = -10 + 16. Let r(f) = -f + 6*f**2 + f**3 + 0 + 4*f - q. Let l(i) = -5*i + 80. Let h be l(17). What is r(h)?
4
Let k(s) = -s**2 - 5*s + 1. Let v be k(-6). Let a(b) = -b**3 - 5*b**2 + 2*b + 5. Let g be a(v). Let r(n) = 0*n - 2 - n + 3*n + 4. What is r(g)?
-8
Let n be 1/3 + 28/6. Let k(r) = r**2 - 5*r - 1. What is k(n